late the greatest common divisor of 5577806360 and 460.
460
What is the greatest common divisor of 2023 and 752063?
17
What is the highest common divisor of 1772687 and 49455?
1099
What is the greatest common divisor of 12 and 1485582?
6
Calculate the highest common factor of 19341344 and 48576.
8096
What is the greatest common factor of 11598543 and 1540737?
7821
What is the greatest common divisor of 1763777 and 1004?
251
What is the greatest common factor of 10751040 and 1152?
576
Calculate the greatest common factor of 285563 and 488824.
1247
What is the greatest common divisor of 27864 and 124184?
344
What is the greatest common divisor of 2447600 and 28696?
1688
Calculate the greatest common factor of 1376891997 and 39.
39
What is the greatest common divisor of 7128445 and 985?
985
What is the highest common divisor of 2648 and 56977016?
2648
Calculate the highest common factor of 1029 and 244112757.
1029
What is the greatest common factor of 7694420 and 116700?
7780
Calculate the greatest common factor of 68400022 and 4.
2
What is the highest common factor of 4027674730 and 10?
10
Calculate the highest common divisor of 34 and 116547614.
34
Calculate the highest common factor of 4927689 and 1225146.
5421
Calculate the greatest common divisor of 126 and 77771799.
63
Calculate the highest common divisor of 3102752 and 22560.
1504
Calculate the highest common factor of 18307588 and 2288.
52
Calculate the greatest common divisor of 552774154 and 74.
74
Calculate the highest common factor of 1275864 and 11244.
12
Calculate the greatest common factor of 12543 and 59639523.
111
Calculate the greatest common factor of 176 and 38065520.
16
Calculate the greatest common divisor of 3507260 and 87.
29
What is the greatest common factor of 454 and 379984834?
454
What is the greatest common factor of 1904677 and 564471?
3301
What is the highest common factor of 28 and 4938972?
4
What is the highest common factor of 26864 and 24944?
16
Calculate the highest common divisor of 148 and 156614821.
37
What is the highest common factor of 40929 and 25914?
21
Calculate the greatest common factor of 4904408 and 25112.
344
Calculate the highest common divisor of 12404 and 13630224.
1772
What is the highest common divisor of 235 and 1115357?
47
Calculate the greatest common factor of 19220 and 11660.
20
Calculate the greatest common divisor of 87132 and 442236.
1644
What is the greatest common divisor of 5684 and 648172?
196
What is the greatest common factor of 60988 and 67703?
79
What is the greatest common factor of 2172 and 26987643?
543
Calculate the greatest common divisor of 6135237 and 27.
27
Calculate the greatest common factor of 28044 and 838983.
2337
Calculate the greatest common factor of 80 and 45909488.
16
What is the greatest common divisor of 25 and 2223525?
25
Calculate the highest common factor of 68257598 and 4042.
86
What is the greatest common divisor of 174 and 1464678?
6
Calculate the highest common divisor of 1043 and 11878429.
149
Calculate the highest common divisor of 203646066 and 494.
494
Calculate the highest common divisor of 63 and 2608198047.
63
Calculate the greatest common divisor of 76 and 864538.
38
What is the highest common factor of 441738 and 46269?
873
Calculate the highest common factor of 35130876 and 2318.
122
Calculate the highest common factor of 51158008 and 88.
88
What is the greatest common divisor of 22575944 and 60742?
502
Calculate the greatest common divisor of 6090 and 1093134.
42
What is the highest common divisor of 9023319 and 2615?
523
Calculate the greatest common divisor of 8336 and 375656.
8
What is the greatest common divisor of 480 and 9053568?
96
What is the greatest common factor of 195 and 181220?
65
Calculate the greatest common divisor of 8839726 and 224.
14
What is the highest common factor of 3010 and 534800?
70
What is the greatest common factor of 24 and 47291583?
3
What is the highest common divisor of 456 and 24581497?
19
What is the greatest common divisor of 1429283 and 3?
1
What is the highest common divisor of 4060639 and 3872?
121
What is the greatest common divisor of 464814 and 1592451?
441
What is the greatest common divisor of 7450098 and 1814?
1814
What is the greatest common factor of 711 and 300897?
9
Calculate the greatest common divisor of 102 and 303866602.
34
What is the highest common divisor of 4307 and 162958?
59
Calculate the highest common divisor of 3586 and 125598.
22
Calculate the greatest common divisor of 1184270 and 253.
23
Calculate the highest common divisor of 500 and 18409540.
20
Calculate the greatest common factor of 2376 and 30438232.
88
Calculate the highest common divisor of 8191822 and 791.
113
Calculate the highest common divisor of 9601724 and 299860.
2068
What is the highest common factor of 27125 and 27419?
7
What is the greatest common divisor of 7488074 and 9416?
2354
Calculate the highest common divisor of 7272974 and 4250.
34
What is the highest common factor of 95542335 and 324?
81
Calculate the highest common factor of 613271 and 2633747.
1229
Calculate the highest common divisor of 1953276 and 312.
156
What is the greatest common divisor of 30321088 and 4028?
212
What is the greatest common factor of 109134 and 5466805?
2021
Calculate the highest common divisor of 2504201984 and 256.
256
What is the greatest common factor of 3286 and 406255?
31
What is the highest common divisor of 16572818 and 2?
2
Calculate the greatest common factor of 135 and 302506455.
15
What is the highest common divisor of 61650 and 28691225?
3425
What is the greatest common factor of 1878778 and 25201?
869
What is the greatest common divisor of 281394 and 66?
6
What is the highest common divisor of 30040 and 4525?
5
What is the greatest common factor of 3080 and 66972745?
35
What is the highest common factor of 189 and 11053971?
9
What is the greatest common divisor of 3590 and 102010?
10
What is the highest common divisor of 2279949 and 4530?
453
Calculate the highest common divisor of 7925 and 82425.
25
What is the greatest common factor of 2559348 and 948?
12
What is the highest common divisor of 19611635 and 5?
5
What is the greatest common factor of 582960 and 28350?
210
What is the highest common divisor of 3990760 and 140?
20
Calculate the greatest common factor of 162 and 8802606.
6
What is the highest common divisor of 21 and 307176366?
21
What is the highest common factor of 773080 and 317240?
3080
What is the highest common factor of 3526419 and 39?
39
What is the highest common factor of 17225713 and 1343?
79
What is the highest common divisor of 9295 and 6178315?
715
What is the greatest common factor of 43032 and 39772?
652
What is the greatest common factor of 1549057 and 748?
17
Calculate the highest common divisor of 7357 and 469.
7
What is the highest common divisor of 63528 and 51336?
24
What is the greatest common factor of 4995 and 3712395?
555
Calculate the highest common divisor of 148712256 and 1344.
1344
Calculate the highest common divisor of 943231933 and 2513.
2513
What is the highest common divisor of 1617 and 5674641?
147
What is the highest common factor of 14019238 and 58?
58
What is the highest common divisor of 63831896 and 14146?
1286
Calculate the greatest common divisor of 160448 and 18748.
436
Calculate the highest common divisor of 361 and 127280658.
361
Calculate the greatest common divisor of 17934 and 8781926.
122
What is the highest common factor of 669539957 and 47?
47
Calculate the highest common divisor of 2393400 and 6450.
150
What is the greatest common factor of 80004093 and 507?
507
Calculate the highest common divisor of 4736 and 1748805.
37
What is the highest common factor of 279979 and 108899?
329
Calculate the greatest common divisor of 232685 and 76665.
1345
Calculate the greatest common divisor of 10180025 and 975.
25
Calculate the highest common divisor of 29062457 and 760.
19
What is the greatest common divisor of 443934 and 18576?
54
Calculate the highest common divisor of 56770 and 2360.
10
Calculate the greatest common factor of 30753 and 831249.
459
Calculate the greatest common factor of 1001 and 73564106.
77
What is the highest common factor of 24511314 and 9027?
3009
Calculate the greatest comm